 1. Let v(b) = b**3 - 2*b**2 + 5*b + 2. Let m(h) = 3*u(h) + 2*v(h). Let z(y) = -2*y**2 - 76*y - 271. Let a be z(-34). Calculate m(a).
3
Let c(j) = 3*j + 0*j - 5*j**2 + 3 + j**3 + 4*j**2. Let o = 10 + -8. Let k(l) = -4*l**3 + 2*l**2 - 9*l - 10. Let s(v) = o*k(v) + 7*c(v). Determine s(-3).
-8
Suppose 379 = 47*k - 91. Let t(u) = -u**3 + 11*u**2 - 11*u + 21. Determine t(k).
11
Let w(z) = -4*z - 15. Let c be w(9). Let x = 45 + c. Let d(g) = g**3 + 7*g**2 + 6*g - 6. Give d(x).
-6
Let y be -4 - -19 - (-1 + 3). Let i(n) = -13 - 9*n + y. Let u = -2 + 1. Determine i(u).
9
Let f(u) = u - 8. Suppose -5*z + 2 = p - 3*z, 4*p + 5 = 5*z. What is f(p)?
-8
Let w(d) = -d**2 + d - 1. Let y(m) = m**2 + 2. Let u(z) = 2*w(z) + y(z). Let v(x) = x**2 - 84*x + 1762. Let g be v(40). Calculate u(g).
0
Let g be -4*4/(-4) - -3. Let x(w) = g*w**2 - 3*w - 7 - 25*w**3 - 1 + 24*w**3. Calculate x(6).
10
Let u = -2 + 2. Let m(h) = h**3 - 6*h**2 + 2 + 2*h**2 + u*h**2 + 2 - 6*h. Let c = -48 + 53. Give m(c).
-1
Let t = -4 - 11. Let o = -13 - t. Let q(l) = 0*l**2 + 0*l**2 - o - 5*l + 0 + l**2. Give q(5).
-2
Let k(n) = -43 - 42 + 145 - 53 + 7*n. Calculate k(-2).
-7
Let a(q) be the third derivative of -q**5/20 - q**4/12 - q**3/6 - 80*q**2. Calculate a(2).
-17
Let t be (16/(-5))/(-4*7/70). Let r(b) = 29*b**3 - 30*b**3 - 6*b**2 + 5 + 5 + t*b. Calculate r(-7).
3
Let d(t) = 6 - 15 - 2 + 4*t + 4. Calculate d(5).
13
Let u(i) = i**2 + 5*i - 1. Let v be u(-6). Suppose 0 = 4*b - g + 2*g - 3, -b + 7 = -g. Let h(w) = -w**2 + 6*w + 3*w - b*w - 3. Determine h(v).
7
Let y = -17 + 13. Let f(k) = -k - 3 + 2*k**2 - 266*k**3 + 2*k**2 + 267*k**3. Calculate f(y).
1
Let i(n) = n**2 - 4*n - 4. Let m be 3*2 + -9 + 7. Let f(w) = -w - m*w**3 + 0 - 1 - w. Let r be f(-1). What is i(r)?
1
Let g(r) be the first derivative of 2*r**2 + r + 36. Suppose -2*c + 1 + 1 = 0. Give g(c).
5
Let x(s) = 6*s**2 + 8*s - 4. Let z(n) = -4*n**2 + n. Let k(t) = x(t) + 2*z(t). Determine k(7).
-32
Let y(q) be the second derivative of 5*q**4/6 - q**3/6 - 307*q. Give y(1).
9
Let c(k) = 2*k**2 + 1. Let m be c(-1). Let d(j) = -3*j - m*j + 8*j + 1. Give d(1).
3
Suppose -2 = 2*p + 6, 0 = 5*b - 5*p - 245. Let c(v) = 91*v**3 - 6*v - 45*v**3 - b*v**3 - 7 + 4*v**2. What is c(-5)?
-2
Let i(z) = z**3 - 5*z**2 - z + 7. Suppose 50 = 7*y + 15. Calculate i(y).
2
Let h(j) = 3*j**2 - j - 2*j**2 + j**2 - 3*j**2. Let m(s) = 3*s**2 + 1. Let f be m(1). Let a = 3 - f. Calculate h(a).
0
Let n(l) = l**2 - 3*l - 5. Let u(d) = -d**2 + 8*d - 5. Let f be u(8). Let o(h) = 3*h**2 - 5*h - 11. Let t(w) = f*n(w) + 2*o(w). Give t(-2).
-3
Let w(i) = 31*i**2 + 3*i + 2. Let q be w(-1). Let s = q - 35. Let j(h) = h**2 + 6*h + 5. Give j(s).
0
Let f be (-32)/(-24) - 2/6. Let w(r) = -r + 1. Give w(f).
0
Let q(j) be the second derivative of j**5/20 - j. Suppose -22*k - k = -23. What is q(k)?
1
Let k(p) be the third derivative of 1/15*p**6 + 1/6*p**3 + 0*p + 1/60*p**5 + 0 + 1/24*p**4 + 11*p**2. Give k(-1).
-7
Let i(b) = -5*b**3 + 6*b**2 - 17*b - 50. Let o(l) = -19*l**3 + 25*l**2 - 67*l - 193. Let r(n) = -23*i(n) + 6*o(n). Give r(-13).
-34
Let o = -12 + 7. Let v(h) = h**3 - h**2 + 5. Let w(n) = 3*n**3 - 8*n**2 + 4*n + 17. Let z(x) = -4*v(x) + w(x). Determine z(o).
2
Suppose -14*g = -68 + 194. Let h(v) = 2*v**3 + 17*v**2 - 9*v - 1. Give h(g).
-1
Let b(q) = q**2 + 8*q - 5. Let c be b(-9). Let k(l) = -l - 6. Give k(c).
-10
Let c(y) = y**3 - 4*y**2 - 4*y - 1. Let l be c(5). Suppose -f - 13 = -2*g - 5, -g = -f - l. Let s(j) = j**3 - j + 8. What is s(f)?
8
Let p(s) = -s**3 + 8*s**2 - 2*s + 6. Let l be 4*(-2)/3*-3. What is p(l)?
-10
Let r(i) = 5*i + 25. Let s(z) = 6*z + 25. Let b(n) = 5*r(n) - 4*s(n). Give b(-13).
12
Let w(j) = 5*j**2 - 3*j + 3. Suppose 5*z + 2*y + 276 = 0, 15*y + 110 = -2*z + 14*y. Let f be (4/(-14))/(8/z). Determine w(f).
17
Suppose -4*b - 4*r + 5776 = 0, 4*b - 6195 = 5*r - 419. Let u(l) = -2 - 1443*l + 8 + b*l. Give u(-10).
-4
Let h(t) = 9*t + t**2 - 2 + 24*t - 29*t. Determine h(-6).
10
Let q(f) = -f**3 + 6*f**2 + 3*f - 5. Let d be 8/6 + (-252)/(-54). Give q(d).
13
Let u(m) = -2*m - 9. Let f be u(-6). Let p(l) be the second derivative of -1/6*l**3 + 1/3*l**4 - 10*l - 2*l**2 - 1/20*l**5 + 0. Give p(f).
2
Let j(s) be the second derivative of -s**4/12 + 7*s**3/6 + s**2/2 - 3*s. Let x(h) = -h**2 + 9*h + 42. Let q be x(12). Give j(q).
7
Let a(r) = -r**3 - 6*r**2 - 7*r - 4. Suppose 6*k - 662 = -176. Let c = 76 - k. Determine a(c).
6
Let w(v) = v**3 + 4*v**2 + 2*v + 4. Let p = -1260 - -754. Let y be p/121 - (-6)/33. What is w(y)?
-4
Let a(z) = -2. Let w(p) = p**3 - 5*p**2 - 7*p - 13. Let v(g) = -6*a(g) + w(g). Give v(6).
-7
Let n(g) be the second derivative of g**6/360 - g**4/4 + 5*g**3/6 + 4*g. Let t(z) be the second derivative of n(z). Suppose 0*j = 5*j. Determine t(j).
-6
Let y be 8/(-14)*(-161)/46. Let o(x) = 2*x + y + 3*x - 8*x. Give o(-3).
11
Let m(s) = -3*s - 1. Let o(u) = -u - 5. Let d be o(-4). Let l be -1 - 0*d/3. Calculate m(l).
2
Let p(m) = 6*m**3 - 5*m**2 - 17*m + 9. Let n(w) = -5*w**3 + 5*w**2 + 15*w - 8. Let f(z) = 5*n(z) + 4*p(z). Suppose -48 = -5*q - 18. What is f(q)?
2
Let p(m) = 11*m**2 - 15*m - 17. Let j(b) = 5*b**2 - 8 - 7*b + 0*b**2 + 0*b**2. Let n be (26/4)/((-1)/(-2)). Let d(k) = n*j(k) - 6*p(k). What is d(-3)?
-8
Let t(x) = 2*x - 2*x**3 + x**2 - x**3 - 6*x**2 + 4*x**3 - 5. Let v(h) = -8*h - 75. Let d be v(-10). Calculate t(d).
5
Let i(q) be the first derivative of 7*q**2/2 - 8. Let k be i(1). Let r(s) = s**3 - 8*s**2 + 5*s + 10. Determine r(k).
-4
Suppose q + 35 = -5*k, 0 = k - 5*k + 16. Let j = -59 - q. Let s(g) = -g**3 - 3*g**2 + 4*g - 3. Determine s(j).
-3
Let u(b) be the first derivative of 1/2*b**2 - 7*b + 15. Give u(-5).
-12
Let y(x) be the first derivative of x**3/3 + 19*x**2/2 + 18*x - 189. Give y(-18).
0
Let b(t) be the first derivative of t**4/4 + 10*t**3/3 + t**2/2 - 7*t - 701. What is b(-10)?
-17
Let h(r) = 8 - 1 + r - 9 + 5 + 11. Let l(s) = -7*s**2 + 2*s + 1. Let i be l(-1). Determine h(i).
6
Let n(a) be the third derivative of -a**4/3 + a**3/3 - 43*a**2. Give n(2).
-14
Let n(g) = 17*g - g**3 + 19 + 22 + 20 - 62 + 6*g**2. Determine n(8).
7
Let d(v) = -v**2 + 2*v + 3. Let x be -2 + (0 - 0 - -7). Suppose -x*n = -18 + 3. Let a be d(n). Let w(s) = s + 3. Determine w(a).
3
Let a(x) = -x**3 + 7*x**2 + 10*x - 1. Let s(h) = 2*h + 18. Let c be s(-5). Give a(c).
15
Let c(z) = -z**3 + 8*z**2 - 8*z + 10. Suppose -31 = -d - 0*d - 2*u, u - 191 = -5*d. Suppose 2*f = d + 45. Let j be 6/(-4)*f/(-9). Calculate c(j).
3
Let y be 6 - 1/(-1) - 1. Suppose -5*i - 5*n = 0, -5*i - 41 = -2*n - y. Let r(c) = -c - 1. Calculate r(i).
4
Let z(x) = -x**3 + 3*x**2 + 8. Let r(w) = w**2 + 2*w. Let b(i) = 4*r(i) + z(i). Let a be (-1 - 5/(-3))/((-2)/(-24)). Calculate b(a).
8
Let n(c) be the first derivative of -c**4/4 - 5*c**3/3 + 3*c**2 - 2*c + 41. Determine n(-6).
-2
Let l(r) = 3*r**3 - 2*r**2 + 1. Let c be l(1). Let u be (-27)/6 + c/4. Let d(f) = -2*f - 3. Let a(j) = -j - 1. Let b(w) = 5*a(w) - d(w). What is b(u)?
10
Let z(h) = 60*h + 36. Let i(j) = 3*j + 2. Let n(g) = -18*i(g) + z(g). Determine n(-1).
-6
Suppose -3*w - 64 = 2*j, -3*w + 0*j - j - 59 = 0. Let o be 144/w - (-4)/1. Let x(c) = -c**3 - 3*c**2 + 5*c - 1. Give x(o).
-5
Let p(u) = -u**3 + 2*u**2 - 1. Let y(j) = j**2 + 11*j - 2. Let z be y(-11). Let c be 1*(-1)/2*z. Let q be -4 + 3 + (c - -1). Determine p(q).
0
Let a(w) = -6*w - 339. Let j be a(-56). Let c(s) = 2*s**3 + 4*s**2 + 2*s. Give c(j).
-24
Let d(f) = f**2 - 10. Let h = -11 + 5. Let q(m) be the first derivative of -2*m**3/3 + 19*m + 381. Let n(y) = h*q(y) - 11*d(y). What is n(3)?
5
Let c(l) = -l**3 - 5*l**2 - 3*l - 7. Suppose -2*u + 0*u + 4 = 0. Suppose 78 = u*v + 30. Suppose 0 = 5*f + v + 1. Give c(f).
8
Let u be (-6)/9 + 133/(-3). Let l(m) = -4*m - 28. Let g be l(-6). Let s be 1/g - u/20. Let x(f) = -f**3 - f**2 + 2*f - 1. Give x(s).
-9
Let h(k) be the first derivative of 2*k - 6 + 7/2*k**2. Calculate h(-2).
-12
Let q(w) = 7*w**2 + 4*w. Let y(j) = -j**2 - 10*j - 7. Let c be y(-6). Let m(t) = 343*t + 343*t - 675*t + 20*t**2. Let d(s) = c*q(s) - 6*m(s). What is d(2)?
0
Let h = -35 + 44. Let r = -8 + h. Let c(n) be the second derivative of -n**4/12 + n**3/3 - n**2/2 - 3*n. What is c(r)?
0
Let g(r) = r. Let n be ((-15)/10 - -2)*0. Let a be (n - -1) 